{"id":3996,"date":"2021-07-29T19:58:22","date_gmt":"2021-07-30T00:58:22","guid":{"rendered":"https:\/\/pajareando.co\/?page_id=3996"},"modified":"2021-09-16T10:17:26","modified_gmt":"2021-09-16T15:17:26","slug":"cornejo","status":"publish","type":"page","link":"https:\/\/pajareando.co\/index.php\/cornejo\/","title":{"rendered":"Corregimiento de Cornejo"},"content":{"rendered":"<p>[vc_row][vc_column][vc_column_text]<\/p>\n<h4><strong><span style=\"color: #339966;\">HISTORIA<\/span><\/strong><\/h4>\n<p>Para hablar de Cornejo se debe mencionar al Municipio de San Cayetano puesto que en este se encuentra ubicado dicho corregimiento, tambi\u00e9n hace parte de los siete municipios que conforman el \u00c1rea Metropolitana de C\u00facuta y tiene como vecino el municipio del Zulia.<\/p>\n<p>Por otra parte, y a tan solo 30 minutos de distancia de Cornejo est\u00e1 la capital del departamento Norte de Santander. Sin embargo, el corregimiento cuenta con una poblaci\u00f3n de 2.500 personas, y es uno de los lugares predilectos para visitar por parte de los cucute\u00f1os y zulianos.<\/p>\n<h4><strong><span style=\"color: #339966;\">SITIOS TUR\u00cdSTICOS\u00a0<\/span><\/strong><\/h4>\n<p>Entre sus sitios tur\u00edstico se encuentra el balneario de La Guaira, un sitio perfecto para disfrutar en familia y llevar a cabo una de las costumbre populares como el famoso paseo de olla, adem\u00e1s es un destino para los ciclistas y una ruta de paso para las personas que tienen como destino los municipios de Santiago, Salazar, Arboledas.<\/p>\n<h4><strong><span style=\"color: #339966;\">FESTIVIDADES<\/span><\/strong><\/h4>\n<p>En el Corregimiento de Cornejo se puede disfrutar de distintas actividades gracias a sus r\u00edos y balnearios, entres sus festividades se encuentra la de la Virgen del Carmen que se lleva a cabo cada 16 de julio, d\u00eda en el cual los habitantes de realizan una caravana encargada por el gremio de los transportadores del Norte de Santander con la imagen de su patrona.[\/vc_column_text][vc_empty_space height=&#8221;20px&#8221;][vc_empty_space height=&#8221;20px&#8221;][\/vc_column][\/vc_row]<\/p>\n","protected":false},"excerpt":{"rendered":"<p>[vc_row][vc_column][vc_column_text] HISTORIA Para hablar de Cornejo se debe mencionar al Municipio de San Cayetano puesto que en este se encuentra ubicado dicho corregimiento, tambi\u00e9n hace parte de los siete municipios que conforman el \u00c1rea Metropolitana de C\u00facuta y tiene como vecino el municipio del Zulia. Por [&hellip;]<\/p>\n","protected":false},"author":1,"featured_media":0,"parent":0,"menu_order":0,"comment_status":"closed","ping_status":"closed","template":"","meta":{"_monsterinsights_skip_tracking":false,"_monsterinsights_sitenote_active":false,"_monsterinsights_sitenote_note":"","_monsterinsights_sitenote_category":0,"footnotes":""},"categories":[],"tags":[],"class_list":["post-3996","page","type-page","status-publish","hentry"],"aioseo_notices":[],"_links":{"self":[{"href":"https:\/\/pajareando.co\/index.php\/wp-json\/wp\/v2\/pages\/3996","targetHints":{"allow":["GET"]}}],"collection":[{"href":"https:\/\/pajareando.co\/index.php\/wp-json\/wp\/v2\/pages"}],"about":[{"href":"https:\/\/pajareando.co\/index.php\/wp-json\/wp\/v2\/types\/page"}],"author":[{"embeddable":true,"href":"https:\/\/pajareando.co\/index.php\/wp-json\/wp\/v2\/users\/1"}],"replies":[{"embeddable":true,"href":"https:\/\/pajareando.co\/index.php\/wp-json\/wp\/v2\/comments?post=3996"}],"version-history":[{"count":6,"href":"https:\/\/pajareando.co\/index.php\/wp-json\/wp\/v2\/pages\/3996\/revisions"}],"predecessor-version":[{"id":4753,"href":"https:\/\/pajareando.co\/index.php\/wp-json\/wp\/v2\/pages\/3996\/revisions\/4753"}],"wp:attachment":[{"href":"https:\/\/pajareando.co\/index.php\/wp-json\/wp\/v2\/media?parent=3996"}],"wp:term":[{"taxonomy":"category","embeddable":true,"href":"https:\/\/pajareando.co\/index.php\/wp-json\/wp\/v2\/categories?post=3996"},{"taxonomy":"post_tag","embeddable":true,"href":"https:\/\/pajareando.co\/index.php\/wp-json\/wp\/v2\/tags?post=3996"}],"curies":[{"name":"wp","href":"https:\/\/api.w.org\/{rel}","templated":true}]}}