{"id":4006,"date":"2021-07-29T20:09:19","date_gmt":"2021-07-30T01:09:19","guid":{"rendered":"https:\/\/pajareando.co\/?page_id=4006"},"modified":"2021-07-30T17:17:04","modified_gmt":"2021-07-30T22:17:04","slug":"arboledas-2","status":"publish","type":"page","link":"https:\/\/pajareando.co\/index.php\/arboledas-2\/","title":{"rendered":"Arboledas"},"content":{"rendered":"<p>[vc_row][vc_column][vc_column_text]En esos d\u00edas soleados y calurosos, en esos d\u00edas donde el estr\u00e9s laboral es m\u00e1s grande y si de paso eres un apasionado por la naturaleza, hace que se desee salir para cambiar un poco el clima, despejar la mente o emprender una nueva aventura, pero no encuentras donde hacerlo, y si est\u00e1s cansado de visitar siempre los mismos lugares, aqu\u00ed una gran recomendaci\u00f3n, existe un fabuloso lugar que es conocido en la regi\u00f3n como \u201cLa F\u00e1brica de Agua\u201d su nombre es Arboledas, all\u00ed podr\u00e1s practicar senderismo, torrentismo, rapel y lo que hace m\u00e1s encantador este sitio es que puedes avistar aves a lo largo de 3 senderos, y lo mejor de todo a tan solo 78 kms de la capital Nortesantandereana.[\/vc_column_text][vc_column_text]Para llegar a este hermoso pueblo se debe hacer un recorrido de tres horas aproximadamente, si est\u00e1s en C\u00facuta, se toma la v\u00eda a Cornejo, Santiago, Salazar de las Palmas y finalmente llegas a Arboledas, cuenta con una altura de 960 msnm, una temperatura media de 24 grados Celsius. Es el primer productor de caf\u00e9 variedad castillo a nivel departamental, produce la mejor panela de la regi\u00f3n y su producci\u00f3n de c\u00edtricos ocupa un rengl\u00f3n importante en la econom\u00eda local.[\/vc_column_text][vc_empty_space height=&#8221;40px&#8221;][\/vc_column][\/vc_row][vc_row][vc_column][vc_column_text]<\/p>\n<h4 style=\"text-align: left;\"><strong><span style=\"color: #339966;\">Su Historia<\/span><\/strong><\/h4>\n<p>[\/vc_column_text][vc_empty_space height=&#8221;40px&#8221;][\/vc_column][\/vc_row][vc_row][vc_column][vc_column_text]Arboledas es un municipio que goza de una larga historia. Cuando los espa\u00f1oles llegaron, se establecieron en el municipio de Pamplona, desde all\u00ed trazaron la conquista del oriente de Am\u00e9rica. Todo lo que fue Venezuela y por supuesto la parte sur y en Pamplona construyeron una ciudad. Pamplona queda muy cerca de Arboledas por el p\u00e1ramo; tomando esta ruta llegaron a Arboledas y formaron el camino hacia el r\u00edo Zulia pensando en el comercio y poder llegar al puerto. Estando all\u00ed vieron que era una zona donde se pod\u00eda cultivar, de hecho, hab\u00eda unas minas en los que hoy d\u00eda es el municipio Surat\u00e1 (departamento de Santander), que es l\u00edmite con Arboledas. Era un valle con mucha Agua, el casco urbano de Arboledas est\u00e1 bordeado por dos quebradas; la quebrada de Siravita y la quebrada Monar y lateralmente pasa el r\u00edo Arboledas que viene del Santurb\u00e1n.[\/vc_column_text][vc_column_text]El nombre de este pueblo deriva desde la \u00e9poca de los espa\u00f1oles, cuando hicieron el registro del lugar indicado que se har\u00eda un asentamiento, lo llamaban El Valle de las Arboledas porque era una zona plana y muy frondosa con \u00e1rboles altos, estrat\u00e9gica para hacer un centro poblado, su nombre se estableci\u00f3 en 1550 y a\u00f1os m\u00e1s tarde en 1602 se llev\u00f3 a cabo la construcci\u00f3n del mismo, despu\u00e9s en el a\u00f1o 1623, exactamente el 22 de junio, un oidor que vino de Espa\u00f1a instaur\u00f3 la forma actual del casco urbano, donde literalmente dice, \u201cconstr\u00fayase un templo de tapia pisada puertas de madera y techo de teja\u201d estableci\u00f3 las medidas del parque, el ancho de las calles, el sistema por el cual deb\u00eda llegar el agua; y desde esa fecha la estructura est\u00e1 id\u00e9ntica. Ha crecido muy poco a lo largo de 400 a\u00f1os, y justamente una de las riquezas es su prototipo o su car\u00e1cter colonial.<\/p>\n<p>Es un pueblo antiguo con un marcado car\u00e1cter religioso y se vive en comparaci\u00f3n con las urbes, como en una \u00e9poca de 100 a\u00f1os atr\u00e1s.[\/vc_column_text][vc_column_text]<\/p>\n<h4 style=\"text-align: left;\"><span style=\"color: #339966;\"><strong>La Aventura<\/strong><\/span><\/h4>\n<p>[\/vc_column_text][vc_empty_space height=&#8221;40px&#8221;][\/vc_column][\/vc_row][vc_row][vc_column][vc_column_text]Aqu\u00ed tambi\u00e9n puedes explorar y encontrar actividades para disfrutar de este hermoso lugar:<\/p>\n<p>&nbsp;<\/p>\n<ol>\n<li><span style=\"color: #339966;\"><strong>Visitar los balnearios:<\/strong><\/span> a tan solo tres minutos de casco urbano tomando la salida hacia Cucutilla, se encuentran los balnearios que cuentan con espacios recreativos para toda la familia.<\/li>\n<li><strong><span style=\"color: #339966;\">Peregrinaci\u00f3n al santuario de la Virgen de la Tablita:<\/span><\/strong> A quince (15) minutos del casco urbano de Arboledas siguiendo un camino empedrado que bordea un arroyuelo, adornado de heliconias y aves multicolor llegar\u00e1 al santuario de la milagrosa Virgen de la Tablita.<\/li>\n<li><span style=\"color: #339966;\"><strong>Cascada de Chicagu\u00e1<\/strong>:<\/span> A veinte minutos (20) del casco urbano siguiendo la carretera hasta la escuela rural de la vereda, donde se hace una caminata ecol\u00f3gica de aproximadamente treinta minutos lo llevar\u00e1 hasta la imponente cascada y su hermosa piscina natural.<\/li>\n<li><strong><span style=\"color: #339966;\">Recorrido por el pueblo: <\/span><\/strong>Se inicia en el parque principal donde se encuentra el monumento a la Sant\u00edsima Trinidad que en su conjunto con la glorieta y la imagen de la virgen de F\u00e1tima constituyen uno de los principales puntos de encuentro de los Arboledanos, seguidamente se visitar\u00e1 la catedral de la\u00a0 Sant\u00edsima Trinidad, admirar su arquitectura y las obras de arte religioso que all\u00ed se exhiben, el siguiente destino ser\u00e1 la Lomita de la Cruz lugar de peregrinaci\u00f3n y mirador natural al cual se llega siguiendo un sendero empedrado y dise\u00f1ado para la contemplaci\u00f3n de la naturaleza y el paisaje, desde su punto m\u00e1s alto se obtiene una panor\u00e1mica del municipio y parte de su \u00e1rea rural, se completa el circuito visitando la plaza de mercado y la casa museo, lugares que guardan en su arquitectura los vestigios de antepasados y culturas milenarias.<\/li>\n<li><strong><span style=\"color: #339966;\">Senderismo y Aviturismo: <\/span><\/strong>Si eres un experto en aves o un aficionado, este lugar es el indicado para ti<strong>; <\/strong>Arboledas cuenta con 3 senderos adecuados para la pr\u00e1ctica de esta actividad, el sendero Libertador que lo llevar\u00e1 hasta la hacienda Siravita, el sendero de La Piedra Gorda que cuenta con una reserva y muchas leyendas por contar y por \u00faltimo el sendero El Tuc\u00e1n que te guiar\u00e1 al p\u00e1ramo de Santurb\u00e1n.<\/li>\n<\/ol>\n<p>[\/vc_column_text][vc_empty_space height=&#8221;40px&#8221;][\/vc_column][\/vc_row][vc_row][vc_column][vc_video link=&#8221;https:\/\/www.youtube.com\/watch?v=dAIEyytu57s&#8221;][\/vc_column][\/vc_row]<\/p>\n","protected":false},"excerpt":{"rendered":"<p>[vc_row][vc_column][vc_column_text]En esos d\u00edas soleados y calurosos, en esos d\u00edas donde el estr\u00e9s laboral es m\u00e1s grande y si de paso eres un apasionado por la naturaleza, hace que se desee salir para cambiar un poco el clima, despejar la mente o emprender una nueva aventura, pero [&hellip;]<\/p>\n","protected":false},"author":1,"featured_media":0,"parent":0,"menu_order":0,"comment_status":"closed","ping_status":"closed","template":"","meta":{"_monsterinsights_skip_tracking":false,"_monsterinsights_sitenote_active":false,"_monsterinsights_sitenote_note":"","_monsterinsights_sitenote_category":0,"footnotes":""},"categories":[],"tags":[],"class_list":["post-4006","page","type-page","status-publish","hentry"],"aioseo_notices":[],"_links":{"self":[{"href":"https:\/\/pajareando.co\/index.php\/wp-json\/wp\/v2\/pages\/4006","targetHints":{"allow":["GET"]}}],"collection":[{"href":"https:\/\/pajareando.co\/index.php\/wp-json\/wp\/v2\/pages"}],"about":[{"href":"https:\/\/pajareando.co\/index.php\/wp-json\/wp\/v2\/types\/page"}],"author":[{"embeddable":true,"href":"https:\/\/pajareando.co\/index.php\/wp-json\/wp\/v2\/users\/1"}],"replies":[{"embeddable":true,"href":"https:\/\/pajareando.co\/index.php\/wp-json\/wp\/v2\/comments?post=4006"}],"version-history":[{"count":9,"href":"https:\/\/pajareando.co\/index.php\/wp-json\/wp\/v2\/pages\/4006\/revisions"}],"predecessor-version":[{"id":4074,"href":"https:\/\/pajareando.co\/index.php\/wp-json\/wp\/v2\/pages\/4006\/revisions\/4074"}],"wp:attachment":[{"href":"https:\/\/pajareando.co\/index.php\/wp-json\/wp\/v2\/media?parent=4006"}],"wp:term":[{"taxonomy":"category","embeddable":true,"href":"https:\/\/pajareando.co\/index.php\/wp-json\/wp\/v2\/categories?post=4006"},{"taxonomy":"post_tag","embeddable":true,"href":"https:\/\/pajareando.co\/index.php\/wp-json\/wp\/v2\/tags?post=4006"}],"curies":[{"name":"wp","href":"https:\/\/api.w.org\/{rel}","templated":true}]}}