{"id":4245,"date":"2021-08-04T22:04:43","date_gmt":"2021-08-05T03:04:43","guid":{"rendered":"https:\/\/pajareando.co\/?page_id=4245"},"modified":"2021-08-20T15:49:01","modified_gmt":"2021-08-20T20:49:01","slug":"sendero-el-libertador","status":"publish","type":"page","link":"https:\/\/pajareando.co\/index.php\/sendero-el-libertador\/","title":{"rendered":"Sendero el Libertador"},"content":{"rendered":"<p>[vc_row][vc_column][vc_column_text]Hay 2 maneras de hacer este recorrido el primero es en carro por la v\u00eda que lleva del casco urbano de Arboledas a C\u00facuta hasta la hacienda Siravita, que antiguamente era una finca cafetera, en este mismo lugar encontramos La Capilla Siravita de Nuestra Se\u00f1ora de Guadalupe, desde donde se toma el Antiguo Camino Real que regresa nuevamente al centro poblado de Arboledas, el segundo iniciando desde Arboledas por el sendero que conduce a la Urbanizaci\u00f3n Los Naranjos, de ah\u00ed se desv\u00eda por un camino empedrado unos 200 metros hasta el antiguo puente por el cual pas\u00f3 el Libertador Sim\u00f3n Bol\u00edvar en la b\u00fasqueda de voluntarios para participar en la gesta libertadora; puente que desafortunadamente se cay\u00f3 en noviembre del 2020 por una crecida de la quebrada Siravita luego de 9 horas de intensa lluvia.<br \/>\n[\/vc_column_text][vc_empty_space height=&#8221;20px&#8221;]<div class=\"mkdf-image-gallery  mkdf-ig-carousel-type mkdf-three-columns mkdf-tiny-space  \">\n\t<div class=\"mkdf-ig-slider mkdf-owl-slider\" data-number-of-items=\"3\" data-enable-loop=\"yes\" data-enable-autoplay=\"yes\" data-slider-speed=\"5000\" data-slider-speed-animation=\"600\" data-slider-padding=\"no\" data-enable-navigation=\"yes\" data-enable-pagination=\"no\">\n\t\t\t\t\t<div class=\"mkdf-ig-image\">\n\t\t\t\t\t\t\t\t\t<img loading=\"lazy\" decoding=\"async\" width=\"800\" height=\"1135\" src=\"https:\/\/pajareando.co\/wp-content\/uploads\/2021\/08\/LIB-1.jpg\" class=\"attachment-full size-full\" alt=\"\" srcset=\"https:\/\/pajareando.co\/wp-content\/uploads\/2021\/08\/LIB-1.jpg 800w, https:\/\/pajareando.co\/wp-content\/uploads\/2021\/08\/LIB-1-211x300.jpg 211w, https:\/\/pajareando.co\/wp-content\/uploads\/2021\/08\/LIB-1-722x1024.jpg 722w, https:\/\/pajareando.co\/wp-content\/uploads\/2021\/08\/LIB-1-768x1090.jpg 768w, https:\/\/pajareando.co\/wp-content\/uploads\/2021\/08\/LIB-1-600x851.jpg 600w\" sizes=\"auto, (max-width: 800px) 100vw, 800px\" \/>\t\t\t\t\t\t\t<\/div>\n\t\t\t\t\t<div class=\"mkdf-ig-image\">\n\t\t\t\t\t\t\t\t\t<img loading=\"lazy\" decoding=\"async\" width=\"800\" height=\"1135\" src=\"https:\/\/pajareando.co\/wp-content\/uploads\/2021\/08\/LIB-3.jpg\" class=\"attachment-full size-full\" alt=\"\" srcset=\"https:\/\/pajareando.co\/wp-content\/uploads\/2021\/08\/LIB-3.jpg 800w, https:\/\/pajareando.co\/wp-content\/uploads\/2021\/08\/LIB-3-211x300.jpg 211w, https:\/\/pajareando.co\/wp-content\/uploads\/2021\/08\/LIB-3-722x1024.jpg 722w, https:\/\/pajareando.co\/wp-content\/uploads\/2021\/08\/LIB-3-768x1090.jpg 768w, https:\/\/pajareando.co\/wp-content\/uploads\/2021\/08\/LIB-3-600x851.jpg 600w\" sizes=\"auto, (max-width: 800px) 100vw, 800px\" \/>\t\t\t\t\t\t\t<\/div>\n\t\t\t\t\t<div class=\"mkdf-ig-image\">\n\t\t\t\t\t\t\t\t\t<img loading=\"lazy\" decoding=\"async\" width=\"800\" height=\"1135\" src=\"https:\/\/pajareando.co\/wp-content\/uploads\/2021\/08\/LIB-2.jpg\" class=\"attachment-full size-full\" alt=\"\" srcset=\"https:\/\/pajareando.co\/wp-content\/uploads\/2021\/08\/LIB-2.jpg 800w, https:\/\/pajareando.co\/wp-content\/uploads\/2021\/08\/LIB-2-211x300.jpg 211w, https:\/\/pajareando.co\/wp-content\/uploads\/2021\/08\/LIB-2-722x1024.jpg 722w, https:\/\/pajareando.co\/wp-content\/uploads\/2021\/08\/LIB-2-768x1090.jpg 768w, https:\/\/pajareando.co\/wp-content\/uploads\/2021\/08\/LIB-2-600x851.jpg 600w\" sizes=\"auto, (max-width: 800px) 100vw, 800px\" \/>\t\t\t\t\t\t\t<\/div>\n\t\t\t<\/div>\n<\/div>[vc_empty_space height=&#8221;20px&#8221;][vc_column_text]<\/p>\n<h4><strong><span style=\"color: #339966;\">AS\u00cd INICIAMOS<\/span><\/strong><\/h4>\n<p>De ah\u00ed se sube por el camino real hasta la Capilla de Siravita y se regresa a Arboledas por la carretera donde se ven aves tan singulares como el <strong><span style=\"color: #339966;\">Tuc\u00e1n Albivita.<\/span><\/strong><\/p>\n<p>El nombre de Siravita viene desde el a\u00f1o 1550 porque en la vereda exist\u00eda una tribu ind\u00edgena llamada Ciravita, en honor a ellos se le dio este nombre.<\/p>\n<p>Nuestra ruta empez\u00f3 en la Hacienda Siravita con un camino empedrado adornado por catleyas y girasoles, haci\u00e9ndonos la invitaci\u00f3n a entrar en modo naturaleza, programando nuestros sentidos a disfrutar lo que este hermoso paisaje nos regalaba.<\/p>\n<p>El recorrido es de aproximadamente 2.5 kms en el cual podr\u00e1 escuchar y avistar aves como por ejemplo el Ramphocelus Dimidiatus o com\u00fanmente conocido como Pico Plata por su particular pico de color blanco plateado brillante, t\u00edpico de los machos de esta especie. Durante el camino tambi\u00e9n se logr\u00f3 avistar al Saltator Papayero o Saltator\u00a0Coerulescens y al Thraupis Episcopus en su proceso de alimentaci\u00f3n, as\u00ed como el colibr\u00ed end\u00e9mico Saucerottia Castaneiventris.<\/p>\n<h4><strong><span style=\"color: #339966;\">OTROS PLANES EN LA RUTA\u00a0<\/span><\/strong><\/h4>\n<p>Adicionalmente en el sendero encontrar\u00e1 cultivos de aguacate, una naciente de agua cristalina, y otro atractivo importante es la cata de vino artesanal de naranja y mandarina que se puede degustar en la finca llamada La Belencita.<\/p>\n<p>Es una experiencia magn\u00edfica para toda la familia, se puede practicar senderismo, disfrutar de la variedad de cultivos, del delicioso clima con una temperatura media de 22 grados cent\u00edgrados, relatos de historias de nuestro pa\u00eds con el paso del Libertador, los diferentes sonidos desde trinos de aves, el canto de los gallos y cacareos de las gallinas, los gansos y de fondo algunos grillos y otra variedad de insectos, hasta el sonido del agua hacen el lugar perfecto para desconectarse de la rutina y del caos de la ciudad. Por eso si eres amante del aviturismo sin importar si eres experto o amateur podr\u00e1s encontrar variedad de especies de aves que desear\u00e1s registrar, \u00a1Vive Arboledas!<\/p>\n<h4><span style=\"color: #339966;\"><strong>EL RECORRIDO<\/strong><\/span><\/h4>\n<p>5.8 km y 3:30 min, fue el recorrido, algo de destacar que para avistar o pajarear se necesita paciencia, otra de las habilidades que se puede desarrollar gracias a las aves.[\/vc_column_text][vc_empty_space height=&#8221;20px&#8221;][vc_empty_space height=&#8221;20px&#8221;][\/vc_column][\/vc_row][vc_row][vc_column][vc_video link=&#8221;https:\/\/youtu.be\/e-taa0JTXxE&#8221; el_aspect=&#8221;43&#8243; align=&#8221;center&#8221;][\/vc_column][\/vc_row][vc_row][vc_column][\/vc_column][\/vc_row]<\/p>\n","protected":false},"excerpt":{"rendered":"<p>[vc_row][vc_column][vc_column_text]Hay 2 maneras de hacer este recorrido el primero es en carro por la v\u00eda que lleva del casco urbano de Arboledas a C\u00facuta hasta la hacienda Siravita, que antiguamente era una finca cafetera, en este mismo lugar encontramos La Capilla Siravita de Nuestra Se\u00f1ora de [&hellip;]<\/p>\n","protected":false},"author":1,"featured_media":0,"parent":0,"menu_order":0,"comment_status":"closed","ping_status":"closed","template":"","meta":{"_monsterinsights_skip_tracking":false,"_monsterinsights_sitenote_active":false,"_monsterinsights_sitenote_note":"","_monsterinsights_sitenote_category":0,"footnotes":""},"categories":[],"tags":[],"class_list":["post-4245","page","type-page","status-publish","hentry"],"aioseo_notices":[],"_links":{"self":[{"href":"https:\/\/pajareando.co\/index.php\/wp-json\/wp\/v2\/pages\/4245","targetHints":{"allow":["GET"]}}],"collection":[{"href":"https:\/\/pajareando.co\/index.php\/wp-json\/wp\/v2\/pages"}],"about":[{"href":"https:\/\/pajareando.co\/index.php\/wp-json\/wp\/v2\/types\/page"}],"author":[{"embeddable":true,"href":"https:\/\/pajareando.co\/index.php\/wp-json\/wp\/v2\/users\/1"}],"replies":[{"embeddable":true,"href":"https:\/\/pajareando.co\/index.php\/wp-json\/wp\/v2\/comments?post=4245"}],"version-history":[{"count":7,"href":"https:\/\/pajareando.co\/index.php\/wp-json\/wp\/v2\/pages\/4245\/revisions"}],"predecessor-version":[{"id":4759,"href":"https:\/\/pajareando.co\/index.php\/wp-json\/wp\/v2\/pages\/4245\/revisions\/4759"}],"wp:attachment":[{"href":"https:\/\/pajareando.co\/index.php\/wp-json\/wp\/v2\/media?parent=4245"}],"wp:term":[{"taxonomy":"category","embeddable":true,"href":"https:\/\/pajareando.co\/index.php\/wp-json\/wp\/v2\/categories?post=4245"},{"taxonomy":"post_tag","embeddable":true,"href":"https:\/\/pajareando.co\/index.php\/wp-json\/wp\/v2\/tags?post=4245"}],"curies":[{"name":"wp","href":"https:\/\/api.w.org\/{rel}","templated":true}]}}