{"id":5134,"date":"2021-09-24T15:46:31","date_gmt":"2021-09-24T20:46:31","guid":{"rendered":"https:\/\/pajareando.co\/?page_id=5134"},"modified":"2021-10-05T09:39:07","modified_gmt":"2021-10-05T14:39:07","slug":"experiencia-sendero-libertador","status":"publish","type":"page","link":"https:\/\/pajareando.co\/index.php\/experiencia-sendero-libertador\/","title":{"rendered":"Experiencia Sendero Libertador"},"content":{"rendered":"<p>[vc_row row_content_width=&#8221;grid&#8221; css=&#8221;.vc_custom_1629233572118{padding-top: 40px !important;padding-bottom: 15px !important;}&#8221;][vc_column offset=&#8221;vc_col-lg-offset-3 vc_col-lg-6 vc_col-md-offset-2 vc_col-md-8&#8243;]<div class=\"mkdf-section-title-holder   mkdf-st-highlight mkdf-center-align\" style=\"padding: 0 2%;text-align: center\">\n\t<div class=\"mkdf-st-inner\">\n\t\t\t\t\t\t\t<h5 class=\"mkdf-st-title\" >\n                            Sendero del <span class=\"mkdf-st-highlight-title-holder\" style=\"color: #ecebe1\">\n                                                        <span class=\"mkdf-st-highlight-title\" style=\"color: #59815b\">Libertador<\/span>\n                                                        <span class=\"mkdf-st-highlight\">\n                                                        <svg version=\"1.1\" xmlns=\"http:\/\/www.w3.org\/2000\/svg\" xmlns:xlink=\"http:\/\/www.w3.org\/1999\/xlink\" x=\"0px\" y=\"0px\" viewBox=\"0 0 15.7 30\" style=\"enable-background:new 0 0 15.7 30;\" xml:space=\"preserve\" class=\"mkdf-active-hover-left\"><polygon class=\"st0\" points=\"2.6,1 0.7,3.3 2,5.8 2.3,7.6 2.9,8.7 4.4,10.5 3.9,10.8 4.4,11.9 4.4,12.8 4.1,13.8 3.3,14.7 3.9,15.8 4.4,16.8 4,17.5 3.5,18.1 2.2,20.2 3.4,21.5 4.2,24.1 3.4,25.4 2.5,27.4 2.5,27.8 3.2,28.3 4.1,28.5 4.9,29 14.8,29 14.8,1 \"\/><\/svg>\n                                                        <span class=\"mkdf-active-hover-middle\"><\/span>\n                                                        <svg version=\"1.1\" xmlns=\"http:\/\/www.w3.org\/2000\/svg\" xmlns:xlink=\"http:\/\/www.w3.org\/1999\/xlink\" x=\"0px\" y=\"0px\" viewBox=\"0 0 13.3 30\" style=\"enable-background:new 0 0 13.3 30;\" xml:space=\"preserve\" class=\"mkdf-active-hover-right\"><polygon class=\"st0\" points=\"10,1 10.2,2.1 10.6,2.9 10.6,3.3 10.8,3.7 10.8,4.3 11,5 11,5.7 11,6.3 10.5,6.7 10.8,7.3 11,7.8 \t11.6,8.3 11.6,8.6 11.5,8.9 11.6,9.9 11.6,10.5 12.4,11.6 12.1,12 12.4,12.2 11.8,12.8 11.4,13.5 11.6,13.7 11.9,13.7 12,13.9 11.5,15.1 10.8,16 9.1,17.7 9.7,18.2 9.3,19 9.7,19.8 9.6,20.6 9.7,21.5 9.6,21.9 9.6,22.3 10.1,22.8 9.6,23.6 9.7,24 9.7,24.2 9.9,24.4 9.5,24.7 9.3,25.4 9.3,25.9 8.8,26.2 8.5,27.1 8.8,27.8 9.4,28.6 7.8,29 0.9,29 0.9,1 \"\/><\/svg>\n                                                        <\/span>\n                                                    <\/span>            \t\t\t<\/h5>\n\t\t\t\t\t\t\t<p class=\"mkdf-st-text \" >\n            \t            Hay 2 maneras de hacer este recorrido el primero es en carro por la v\u00eda que lleva del casco urbano de Arboledas a C\u00facuta hasta la hacienda Siravita y el segundo desde Arboledas por el sendero que conduce a la Urbanizaci\u00f3n Los Naranjos. Conoce desde una visi\u00f3n 360 este espl\u00e9ndido lugar, as\u00ed que explora esta fotograf\u00eda.            \t\t\t<\/p>\n\t\t\t\t\t<\/div>\n<\/div>[\/vc_column][\/vc_row][vc_row][vc_column][vc_column_text]<\/p>\n\n\n<figure style=\"width:1080px;height:700px\" class=\"wp-block-algori-360-image-block-algori-360-image aligncenter\"><a-scene loading-screen=\"enabled: false;\" device-orientation-permission-ui=\"enabled: false\" embedded=\"\"><a-entity camera=\"\" look-controls=\"reverseMouseDrag: true\"><\/a-entity><a-sky src=\"https:\/\/pajareando.co\/wp-content\/uploads\/2021\/09\/GS__0462-scaled.jpg\"><\/a-sky><\/a-scene><\/figure>\n\n\n<p>[\/vc_column_text][\/vc_column][\/vc_row][vc_row][vc_column][vc_empty_space height=&#8221;70px&#8221;]<div class=\"mkdf-section-title-holder   mkdf-center-align\" style=\"padding: 0 2%;text-align: center\">\n\t<div class=\"mkdf-st-inner\">\n\t\t\t\t\t\t\t\t\t<p class=\"mkdf-st-text \" >\n            \t            Antiguo puente por el cual pas\u00f3 el Libertador Sim\u00f3n Bol\u00edvar en la b\u00fasqueda de voluntarios para participar en la gesta libertadora. Te invitamos a explorar la fotograf\u00eda 360.            \t\t\t<\/p>\n\t\t\t\t\t<\/div>\n<\/div>[\/vc_column][\/vc_row][vc_row][vc_column][vc_column_text]<\/p>\n\n\n<figure style=\"width:1080px;height:700px\" class=\"wp-block-algori-360-image-block-algori-360-image aligncenter\"><a-scene loading-screen=\"enabled: false;\" device-orientation-permission-ui=\"enabled: false\" embedded=\"\"><a-entity camera=\"\" look-controls=\"reverseMouseDrag: true\"><\/a-entity><a-sky src=\"https:\/\/pajareando.co\/wp-content\/uploads\/2021\/09\/GS__0352-scaled.jpg\"><\/a-sky><\/a-scene><\/figure>\n\n\n<p><\/p>\n\n\n<p><\/p>\n\n\n<p>[\/vc_column_text][vc_empty_space height=&#8221;80px&#8221;]<div class=\"mkdf-section-title-holder   mkdf-center-align\" style=\"padding: 0 2%;text-align: center\">\n\t<div class=\"mkdf-st-inner\">\n\t\t\t\t\t\t\t\t\t<p class=\"mkdf-st-text \" >\n            \t            El recorrido es de aproximadamente 5.8 km en el cual podr\u00e1 escuchar y avistar aves como por ejemplo el Ramphocelus Dimidiatus o com\u00fanmente conocido como Pico Plata. Explora la fotograf\u00eda 360 no te quedes con las ganas de conocer y animarte a pajarear con nosotros.             \t\t\t<\/p>\n\t\t\t\t\t<\/div>\n<\/div>[\/vc_column][\/vc_row][vc_row][vc_column][vc_column_text]<\/p>\n\n\n<figure style=\"width:1080px;height:700px\" class=\"wp-block-algori-360-image-block-algori-360-image aligncenter\"><a-scene loading-screen=\"enabled: false;\" device-orientation-permission-ui=\"enabled: false\" embedded=\"\"><a-entity camera=\"\" look-controls=\"reverseMouseDrag: true\"><\/a-entity><a-sky src=\"https:\/\/pajareando.co\/wp-content\/uploads\/2021\/09\/GS__0364-scaled.jpg\"><\/a-sky><\/a-scene><\/figure>\n\n\n<p><\/p>\n\n\n<p><\/p>\n\n\n<p>[\/vc_column_text][vc_empty_space height=&#8221;80px&#8221;]<div class=\"mkdf-section-title-holder   mkdf-center-align\" style=\"padding: 0 2%;text-align: center\">\n\t<div class=\"mkdf-st-inner\">\n\t\t\t\t\t\t\t\t\t<p class=\"mkdf-st-text \" >\n            \t            Adicionalmente en el sendero encontrar\u00e1 cultivos de aguacate, una naciente de agua cristalina, y otros atractivos, vive el senderismo, respira aire puro y \u00fanete a esta aventura de pajarear, explora la fotograf\u00eda 360 y an\u00edmate a conocer Arboledas.            \t\t\t<\/p>\n\t\t\t\t\t<\/div>\n<\/div>[\/vc_column][\/vc_row][vc_row][vc_column][vc_column_text]<\/p>\n\n\n<figure style=\"width:1080px;height:700px\" class=\"wp-block-algori-360-image-block-algori-360-image aligncenter\"><a-scene loading-screen=\"enabled: false;\" device-orientation-permission-ui=\"enabled: false\" embedded=\"\"><a-entity camera=\"\" look-controls=\"reverseMouseDrag: true\"><\/a-entity><a-sky src=\"https:\/\/pajareando.co\/wp-content\/uploads\/2021\/09\/GS__0362-scaled.jpg\"><\/a-sky><\/a-scene><\/figure>\n\n\n<p><\/p>\n\n\n<p><\/p>\n\n\n<p>[\/vc_column_text][vc_empty_space height=&#8221;80px&#8221;]<div class=\"mkdf-section-title-holder   mkdf-center-align\" style=\"padding: 0 2%;text-align: center\">\n\t<div class=\"mkdf-st-inner\">\n\t\t\t\t\t\t\t\t\t<p class=\"mkdf-st-text \" >\n            \t            Por eso si eres amante del aviturismo sin importar si eres experto o amateur podr\u00e1s encontrar variedad de especies de aves que desear\u00e1s registrar, \u00a1Vive Arboledas!            \t\t\t<\/p>\n\t\t\t\t\t<\/div>\n<\/div>[\/vc_column][\/vc_row][vc_row][vc_column][vc_column_text]<\/p>\n\n\n<figure style=\"width:1080px;height:700px\" class=\"wp-block-algori-360-image-block-algori-360-image aligncenter\"><a-scene loading-screen=\"enabled: false;\" device-orientation-permission-ui=\"enabled: false\" embedded=\"\"><a-entity camera=\"\" look-controls=\"reverseMouseDrag: true\"><\/a-entity><a-sky src=\"https:\/\/pajareando.co\/wp-content\/uploads\/2021\/09\/GS__0359-scaled.jpg\"><\/a-sky><\/a-scene><\/figure>\n\n\n<p><\/p>\n\n\n<p><\/p>\n\n\n<p>[\/vc_column_text][vc_empty_space height=&#8221;80px&#8221;][\/vc_column][\/vc_row]<\/p>","protected":false},"excerpt":{"rendered":"<p>[vc_row row_content_width=&#8221;grid&#8221; css=&#8221;.vc_custom_1629233572118{padding-top: 40px !important;padding-bottom: 15px !important;}&#8221;][vc_column offset=&#8221;vc_col-lg-offset-3 vc_col-lg-6 vc_col-md-offset-2 vc_col-md-8&#8243;][\/vc_column][\/vc_row][vc_row][vc_column][vc_column_text] [\/vc_column_text][\/vc_column][\/vc_row][vc_row][vc_column][vc_empty_space height=&#8221;70px&#8221;][\/vc_column][\/vc_row][vc_row][vc_column][vc_column_text] [\/vc_column_text][vc_empty_space height=&#8221;80px&#8221;][\/vc_column][\/vc_row][vc_row][vc_column][vc_column_text] [\/vc_column_text][vc_empty_space height=&#8221;80px&#8221;][\/vc_column][\/vc_row][vc_row][vc_column][vc_column_text] [\/vc_column_text][vc_empty_space height=&#8221;80px&#8221;][\/vc_column][\/vc_row][vc_row][vc_column][vc_column_text] [\/vc_column_text][vc_empty_space height=&#8221;80px&#8221;][\/vc_column][\/vc_row]<\/p>\n","protected":false},"author":1,"featured_media":0,"parent":0,"menu_order":0,"comment_status":"closed","ping_status":"closed","template":"full-width.php","meta":{"_monsterinsights_skip_tracking":false,"_monsterinsights_sitenote_active":false,"_monsterinsights_sitenote_note":"","_monsterinsights_sitenote_category":0,"footnotes":""},"categories":[],"tags":[],"class_list":["post-5134","page","type-page","status-publish","hentry"],"aioseo_notices":[],"_links":{"self":[{"href":"https:\/\/pajareando.co\/index.php\/wp-json\/wp\/v2\/pages\/5134","targetHints":{"allow":["GET"]}}],"collection":[{"href":"https:\/\/pajareando.co\/index.php\/wp-json\/wp\/v2\/pages"}],"about":[{"href":"https:\/\/pajareando.co\/index.php\/wp-json\/wp\/v2\/types\/page"}],"author":[{"embeddable":true,"href":"https:\/\/pajareando.co\/index.php\/wp-json\/wp\/v2\/users\/1"}],"replies":[{"embeddable":true,"href":"https:\/\/pajareando.co\/index.php\/wp-json\/wp\/v2\/comments?post=5134"}],"version-history":[{"count":10,"href":"https:\/\/pajareando.co\/index.php\/wp-json\/wp\/v2\/pages\/5134\/revisions"}],"predecessor-version":[{"id":5251,"href":"https:\/\/pajareando.co\/index.php\/wp-json\/wp\/v2\/pages\/5134\/revisions\/5251"}],"wp:attachment":[{"href":"https:\/\/pajareando.co\/index.php\/wp-json\/wp\/v2\/media?parent=5134"}],"wp:term":[{"taxonomy":"category","embeddable":true,"href":"https:\/\/pajareando.co\/index.php\/wp-json\/wp\/v2\/categories?post=5134"},{"taxonomy":"post_tag","embeddable":true,"href":"https:\/\/pajareando.co\/index.php\/wp-json\/wp\/v2\/tags?post=5134"}],"curies":[{"name":"wp","href":"https:\/\/api.w.org\/{rel}","templated":true}]}}