{"id":5136,"date":"2021-09-24T15:48:46","date_gmt":"2021-09-24T20:48:46","guid":{"rendered":"https:\/\/pajareando.co\/?page_id=5136"},"modified":"2021-10-04T15:06:11","modified_gmt":"2021-10-04T20:06:11","slug":"experiencia-sendero-piedra-gorda","status":"publish","type":"page","link":"https:\/\/pajareando.co\/index.php\/experiencia-sendero-piedra-gorda\/","title":{"rendered":"Experiencia Sendero Piedra Gorda"},"content":{"rendered":"<p>[vc_row row_content_width=&#8221;grid&#8221; css=&#8221;.vc_custom_1629233572118{padding-top: 40px !important;padding-bottom: 15px !important;}&#8221;][vc_column offset=&#8221;vc_col-lg-offset-3 vc_col-lg-6 vc_col-md-offset-2 vc_col-md-8&#8243;]<div class=\"mkdf-section-title-holder   mkdf-center-align\" style=\"padding: 0 2%;text-align: center\">\n\t<div class=\"mkdf-st-inner\">\n\t\t\t\t\t\t\t<h3 class=\"mkdf-st-title\" >\n                            Sendero Piedra Gorda            \t\t\t<\/h3>\n\t\t\t\t\t\t\t<p class=\"mkdf-st-text \" >\n            \t            Este sendero est\u00e1 ubicado a pocos pasos del casco urbano, su recorrido es de 1.9 km, con una duraci\u00f3n de 2 horas 55 minutos. Explora esta fotograf\u00eda 360 para que conozcas m\u00e1s de este lugar.            \t\t\t<\/p>\n\t\t\t\t\t<\/div>\n<\/div>[\/vc_column][\/vc_row][vc_row][vc_column][vc_column_text]<\/p>\n\n\n<figure style=\"width:1080px;height:700px\" class=\"wp-block-algori-360-image-block-algori-360-image aligncenter\"><a-scene loading-screen=\"enabled: false;\" device-orientation-permission-ui=\"enabled: false\" embedded=\"\"><a-entity camera=\"\" look-controls=\"reverseMouseDrag: true\"><\/a-entity><a-sky src=\"https:\/\/pajareando.co\/wp-content\/uploads\/2021\/09\/GS__0386-scaled.jpg\"><\/a-sky><\/a-scene><\/figure>\n\n\n<p>[\/vc_column_text][\/vc_column][\/vc_row][vc_row][vc_column][vc_empty_space height=&#8221;70px&#8221;]<div class=\"mkdf-section-title-holder   mkdf-center-align\" style=\"padding: 0 2%;text-align: center\">\n\t<div class=\"mkdf-st-inner\">\n\t\t\t\t\t\t\t\t\t<p class=\"mkdf-st-text \" >\n            \t            Piedra Gorda, lugar de una gran leyenda, se dice que esta gran roca suele abrirse en ocasiones y que posee muchas riquezas que fueron escondidas por los ind\u00edgenas en la \u00e9poca de la conquista, experiencia 360 que puedes conocer en la fotograf\u00eda, \u00bfQu\u00e9 esperas para explorarla?            \t\t\t<\/p>\n\t\t\t\t\t<\/div>\n<\/div>[\/vc_column][\/vc_row][vc_row][vc_column][vc_column_text]<\/p>\n\n\n<figure style=\"width:1080px;height:700px\" class=\"wp-block-algori-360-image-block-algori-360-image aligncenter\"><a-scene loading-screen=\"enabled: false;\" device-orientation-permission-ui=\"enabled: false\" embedded=\"\"><a-entity camera=\"\" look-controls=\"reverseMouseDrag: true\"><\/a-entity><a-sky src=\"https:\/\/pajareando.co\/wp-content\/uploads\/2021\/09\/GS__0399-scaled.jpg\"><\/a-sky><\/a-scene><\/figure>\n\n\n<p>&nbsp;<\/p>\n\n\n<p><\/p>\n\n\n<p>[\/vc_column_text][vc_empty_space height=&#8221;80px&#8221;]<div class=\"mkdf-section-title-holder   mkdf-center-align\" style=\"padding: 0 2%;text-align: center\">\n\t<div class=\"mkdf-st-inner\">\n\t\t\t\t\t\t\t\t\t<p class=\"mkdf-st-text \" >\n            \t            Qu\u00e9 esperas para descubrir en este lugar no solo una leyenda sino conocer la hermosa reserva que all\u00ed se encuentra.            \t\t\t<\/p>\n\t\t\t\t\t<\/div>\n<\/div>[\/vc_column][\/vc_row][vc_row][vc_column][vc_column_text]<\/p>\n\n\n<figure style=\"width:1080px;height:700px\" class=\"wp-block-algori-360-image-block-algori-360-image aligncenter\"><a-scene loading-screen=\"enabled: false;\" device-orientation-permission-ui=\"enabled: false\" embedded=\"\"><a-entity camera=\"\" look-controls=\"reverseMouseDrag: true\"><\/a-entity><a-sky src=\"https:\/\/pajareando.co\/wp-content\/uploads\/2021\/09\/GS__0417-scaled.jpg\"><\/a-sky><\/a-scene><\/figure>\n\n\n<p>&nbsp;<\/p>\n\n\n<p><\/p>\n\n\n<p>[\/vc_column_text][vc_empty_space height=&#8221;80px&#8221;]<div class=\"mkdf-section-title-holder   mkdf-center-align\" style=\"padding: 0 2%;text-align: center\">\n\t<div class=\"mkdf-st-inner\">\n\t\t\t\t\t\t\t\t\t<p class=\"mkdf-st-text \" >\n            \t            Avistar y escuchar una gran variedad de aves, respirar el aire puro y disfrutar del contacto con la naturaleza son las experiencias que puedes disfrutar en este recorrido. Conoce m\u00e1s en esta fotograf\u00eda 360.            \t\t\t<\/p>\n\t\t\t\t\t<\/div>\n<\/div>[\/vc_column][\/vc_row][vc_row][vc_column][vc_column_text]<\/p>\n\n\n<figure style=\"width:1080px;height:700px\" class=\"wp-block-algori-360-image-block-algori-360-image aligncenter\"><a-scene loading-screen=\"enabled: false;\" device-orientation-permission-ui=\"enabled: false\" embedded=\"\"><a-entity camera=\"\" look-controls=\"reverseMouseDrag: true\"><\/a-entity><a-sky src=\"https:\/\/pajareando.co\/wp-content\/uploads\/2021\/09\/GS__0438-1-scaled.jpg\"><\/a-sky><\/a-scene><\/figure>\n\n\n<p>&nbsp;<\/p>\n\n\n<p><\/p>\n\n\n<p>[\/vc_column_text][vc_empty_space height=&#8221;80px&#8221;]<div class=\"mkdf-section-title-holder   mkdf-center-align\" style=\"padding: 0 2%;text-align: center\">\n\t<div class=\"mkdf-st-inner\">\n\t\t\t\t\t\t\t\t\t<p class=\"mkdf-st-text \" >\n            \t            \u00danete a esta aventura y explora Arboledas con nosotros.            \t\t\t<\/p>\n\t\t\t\t\t<\/div>\n<\/div>[\/vc_column][\/vc_row][vc_row][vc_column][vc_column_text]<\/p>\n\n\n<figure style=\"width:1080px;height:700px\" class=\"wp-block-algori-360-image-block-algori-360-image aligncenter\"><a-scene loading-screen=\"enabled: false;\" device-orientation-permission-ui=\"enabled: false\" embedded=\"\"><a-entity camera=\"\" look-controls=\"reverseMouseDrag: true\"><\/a-entity><a-sky src=\"https:\/\/pajareando.co\/wp-content\/uploads\/2021\/09\/GS__0440-scaled.jpg\"><\/a-sky><\/a-scene><\/figure>\n\n\n<p>&nbsp;<\/p>\n\n\n<p><\/p>\n\n\n<p>[\/vc_column_text][vc_empty_space height=&#8221;80px&#8221;][\/vc_column][\/vc_row]<\/p>","protected":false},"excerpt":{"rendered":"<p>[vc_row row_content_width=&#8221;grid&#8221; css=&#8221;.vc_custom_1629233572118{padding-top: 40px !important;padding-bottom: 15px !important;}&#8221;][vc_column offset=&#8221;vc_col-lg-offset-3 vc_col-lg-6 vc_col-md-offset-2 vc_col-md-8&#8243;][\/vc_column][\/vc_row][vc_row][vc_column][vc_column_text] [\/vc_column_text][\/vc_column][\/vc_row][vc_row][vc_column][vc_empty_space height=&#8221;70px&#8221;][\/vc_column][\/vc_row][vc_row][vc_column][vc_column_text] &nbsp; [\/vc_column_text][vc_empty_space height=&#8221;80px&#8221;][\/vc_column][\/vc_row][vc_row][vc_column][vc_column_text] &nbsp; [\/vc_column_text][vc_empty_space height=&#8221;80px&#8221;][\/vc_column][\/vc_row][vc_row][vc_column][vc_column_text] &nbsp; [\/vc_column_text][vc_empty_space height=&#8221;80px&#8221;][\/vc_column][\/vc_row][vc_row][vc_column][vc_column_text] &nbsp; [\/vc_column_text][vc_empty_space height=&#8221;80px&#8221;][\/vc_column][\/vc_row]<\/p>\n","protected":false},"author":1,"featured_media":0,"parent":0,"menu_order":0,"comment_status":"closed","ping_status":"closed","template":"full-width.php","meta":{"_monsterinsights_skip_tracking":false,"_monsterinsights_sitenote_active":false,"_monsterinsights_sitenote_note":"","_monsterinsights_sitenote_category":0,"footnotes":""},"categories":[],"tags":[],"class_list":["post-5136","page","type-page","status-publish","hentry"],"aioseo_notices":[],"_links":{"self":[{"href":"https:\/\/pajareando.co\/index.php\/wp-json\/wp\/v2\/pages\/5136","targetHints":{"allow":["GET"]}}],"collection":[{"href":"https:\/\/pajareando.co\/index.php\/wp-json\/wp\/v2\/pages"}],"about":[{"href":"https:\/\/pajareando.co\/index.php\/wp-json\/wp\/v2\/types\/page"}],"author":[{"embeddable":true,"href":"https:\/\/pajareando.co\/index.php\/wp-json\/wp\/v2\/users\/1"}],"replies":[{"embeddable":true,"href":"https:\/\/pajareando.co\/index.php\/wp-json\/wp\/v2\/comments?post=5136"}],"version-history":[{"count":7,"href":"https:\/\/pajareando.co\/index.php\/wp-json\/wp\/v2\/pages\/5136\/revisions"}],"predecessor-version":[{"id":5242,"href":"https:\/\/pajareando.co\/index.php\/wp-json\/wp\/v2\/pages\/5136\/revisions\/5242"}],"wp:attachment":[{"href":"https:\/\/pajareando.co\/index.php\/wp-json\/wp\/v2\/media?parent=5136"}],"wp:term":[{"taxonomy":"category","embeddable":true,"href":"https:\/\/pajareando.co\/index.php\/wp-json\/wp\/v2\/categories?post=5136"},{"taxonomy":"post_tag","embeddable":true,"href":"https:\/\/pajareando.co\/index.php\/wp-json\/wp\/v2\/tags?post=5136"}],"curies":[{"name":"wp","href":"https:\/\/api.w.org\/{rel}","templated":true}]}}